p.
9
Let l(b) = -4*b - 26. Let i be l(-8). What is the greatest common factor of 15 and i?
3
Let l(j) = 4*j**2 - 21*j + 14. Let h be l(8). What is the greatest common factor of 68 and h?
34
Suppose 5*p - 8 = -4*a, -4*p + 0 - 37 = -3*a. Calculate the highest common divisor of a and 63.
7
Suppose -4*z = 4*m - 0*m - 256, -5*z = -3*m - 288. Suppose 2*b = -5*k + z, 2*k - 5*b = k + 12. Calculate the highest common factor of k and 96.
12
Suppose 5*c - 23 + 3 = 0. Suppose c*p = -p. Suppose -3*r - 29 = -o, -77 = -4*o - p*o - r. What is the highest common divisor of o and 180?
20
Let y be -2*(2 + -6 - (-8)/(-2)). Let o = -2 + 4. Suppose -2*w - 3*w = o*a - 68, a - 28 = -w. What is the greatest common divisor of a and y?
8
Suppose -2*n + 6 + 0 = 0. Suppose -n*z - 88 = -7*z. Suppose -3*c + c = -z. Calculate the highest common divisor of 11 and c.
11
Let d = -4 + 4. Let t be 4/(2/(2 + d)). Suppose -t*p + 175 - 35 = 0. What is the highest common factor of p and 14?
7
Let q be 6/4*48/9. Let n(g) = -2*g**2 - 34*g - 4. Let j be n(-14). Calculate the greatest common divisor of j and q.
8
Let y be (-2 - -1)*(0 + -9). Let b(c) be the third derivative of -c**4/24 + 12*c**3 - 2*c**2. Let o be b(0). What is the highest common factor of y and o?
9
Let x be (1/(-2))/(1/(-20)). Let h(g) = -g**3 - 3*g**2 - 2*g. Let t be h(-3). Suppose 2*r + 16 = t*r. What is the highest common divisor of x and r?
2
Suppose 4*y - 20 = -4*w + 20, -5*y = -w - 32. Calculate the highest common divisor of y and 77.
7
Suppose 3*x + 65 - 68 = 0. Let n = 0 - -1. Calculate the greatest common factor of x and n.
1
Let z = -2 + 16. Let j = -30 + 51. What is the highest common divisor of z and j?
7
Let b(d) be the first derivative of -9*d**2/2 - 2*d - 2. Let g be b(-3). Calculate the greatest common divisor of g and 5.
5
Let f(o) = -83*o + 2. Let r be f(-2). Let a = -20 - -44. Calculate the greatest common factor of a and r.
24
Suppose -3*t = -20 - 1. Let q = 16 + -9. Calculate the greatest common factor of t and q.
7
Let u(c) = -5*c. Let k be u(-3). Suppose 0 = 5*x - 10*x + k. Suppose -6 + 18 = l. Calculate the greatest common divisor of l and x.
3
Let o(q) = -2*q - 81. Let s be o(0). Let c be (-18)/s + 212/18. Calculate the highest common divisor of c and 96.
12
Let a(l) = l**2 - 8*l - 2. Let i be a(6). Let m = i - -23. What is the highest common factor of 36 and m?
9
Let a be -1 + 0 - (2 - 17). Suppose -5*c - 126 = -6*c. What is the greatest common divisor of c and a?
14
Let x(y) = -y**2 - 3*y - 8. Let h be x(-9). Let s = -27 - h. What is the greatest common factor of s and 14?
7
Let m(f) = -3*f + 7. Let u(c) = c + 2. Let h be u(-7). Let b be m(h). Let w be (-64)/6*66/(-4). Calculate the greatest common divisor of b and w.
22
Let v = 28 + -30. Let w be -2 + (-1)/(v/12). What is the highest common divisor of 20 and w?
4
Suppose -4*u + 421 = -167. Calculate the highest common factor of 21 and u.
21
Let w(v) = v + 1. Let b be w(2). Let g(d) = d**3 - 5*d**2 + d + 7. Let z be g(5). Suppose -3*k - k = -z. Calculate the highest common divisor of b and k.
3
Let t be 1/((-2)/(78/(-3))). What is the highest common factor of t and 143?
13
Let t be 1/((-78)/80 - -1). Suppose 0 = y + y, 0 = 5*d + 4*y - 85. Suppose -p + 20 = -4*a, d = 4*p + 6*a - a. Calculate the greatest common factor of t and p.
8
Suppose -2*k - d + 7 = -5, 5*k + 3*d = 31. Suppose 0*p - p + 1 = 0. Calculate the greatest common divisor of p and k.
1
Let s be (-252)/8*(-48)/14. Suppose -4*m + s = 3*l, 3*l + 2*m - 108 = -0*m. What is the highest common factor of l and 18?
18
Let p = -11 + 27. Suppose 3*i - 183 = -0*b - 4*b, 0 = -3*b + 3*i + 153. What is the greatest common divisor of b and p?
16
Let n(c) = c - 8. Let b be n(8). Let m be 10*(b + 33/6). Calculate the highest common factor of m and 22.
11
Suppose -3*z + 11 + 28 = -3*v, -4*z = 5*v + 29. Let g = v + 13. Let l be 2/4 - 38/(-4). What is the greatest common factor of l and g?
2
Let k be (-1)/4 + 61/4. Suppose -5*m + 317 + 368 = 0. Let t = m + -62. Calculate the highest common factor of t and k.
15
Let a(j) = -3*j**2 + 6 + 6 - 6*j + 7 + 4*j**2. Let b be a(8). Calculate the highest common divisor of 7 and b.
7
Let r(w) = w + 4. Let t be r(0). Suppose 91 = t*x - 3*x. Suppose -3*z + 2*z - 5*d = 7, z + d - 9 = 0. Calculate the greatest common divisor of x and z.
13
Let a(v) = 5*v. Let z be a(4). Let w = 254 - 134. What is the greatest common factor of w and z?
20
Let g be ((-30)/12)/(2/(-4)). Suppose -7 - 23 = -g*h. Calculate the highest common divisor of 9 and h.
3
Suppose 3*k + 9 = 0, -3*k - k = 3*g - 96. Suppose x = 2*x. Suppose 4*r + 5*n = -x*r + 14, n = r - 8. What is the highest common divisor of r and g?
6
Let b = -4 + 2. Let n = -12 - b. Let j(u) = 2*u**2 + 16*u + 15. Let x be j(n). Calculate the greatest common divisor of x and 11.
11
Suppose 3*c = x - 267, -5*x + 0*c = -c - 1265. What is the greatest common divisor of x and 28?
28
Suppose 3*i = -5*a + 16, 2*i = -5*a + 2 + 7. Let z be 2*4*(-21)/(-6). What is the greatest common divisor of z and i?
7
Let o = -126 - -184. Let d = 82 - o. Calculate the highest common factor of d and 8.
8
Suppose 2*y = 8, -2*q + q - y + 16 = 0. Suppose -b + 4*b - 144 = 0. What is the greatest common divisor of b and q?
12
Suppose -62 = -2*k + o, -3*k + 84 = 5*o - 2*o. Let a be (-1)/(-4) - k/(-8). What is the highest common factor of 28 and a?
4
Let u be (-3 - -7)*(16 + 0). Suppose -5*x + 515 = 5*d, -2*d + 176 = -0*x - 4*x. Let n = d - u. Calculate the highest common divisor of 51 and n.
17
Let x be 20/6*(-54)/(-3). Let h = -1 + 16. Suppose 0*g + g = h. Calculate the greatest common divisor of g and x.
15
Let a = 24 + -5. Let o be ((-4)/2)/(6/(-327)). Let s = o - a. Calculate the greatest common divisor of 10 and s.
10
Let h(t) = t**3 - 3*t**2 - 3*t - 5. Let q be h(5). Calculate the greatest common factor of 12 and q.
6
Let h = 99 + -69. Calculate the highest common factor of h and 75.
15
Let h = 4 + 0. Suppose -l - 4 = 0, -5*k + l - 3*l = -32. What is the highest common factor of h and k?
4
Suppose 3*t + 4 = -23. Let g = -3 - t. What is the greatest common factor of g and 6?
6
Suppose l + 5 = w - 0, -l + 1 = 2*w. Let n be 0/(-1 + w) - -30. What is the highest common factor of n and 15?
15
Let d be (-27)/(-6) + 1/2. Suppose -d*q = -0*q - 110. Calculate the highest common divisor of q and 2.
2
Let i be ((-10)/25)/((-1)/240). Let x(l) = -3*l - 3. Let u be x(-5). What is the greatest common divisor of i and u?
12
Suppose 2*b - 4*d = 18, -5*b - 6*d + 4*d = 3. Let y = -2 + -4. Let t be y/9 + (-11)/(-3). What is the highest common factor of b and t?
1
Let s be (2/(-4))/(2/(-72)). Suppose -3*o = -o - s. Suppose -4*l = -l + 5*a - 292, -3*a = 3*l - 294. Calculate the highest common factor of l and o.
9
Suppose -20*d + 460 = -16*d. Calculate the highest common divisor of 23 and d.
23
Suppose -186 + 76 = -5*v. Suppose -2*x = -3*d + 169, -2*d + 46 = 5*x - 54. Suppose -6*k + d = -k. Calculate the highest common divisor of v and k.
11
Let g(o) = -7*o**2 + 2 - 7*o + o**3 - 2*o**3 - o. Let k be g(-6). Calculate the highest common divisor of k and 112.
14
Let p(j) = 6*j - 9. Let b be p(5). Calculate the highest common divisor of 42 and b.
21
Let h(r) = 11*r - 85. Let l be h(9). What is the greatest common divisor of 14 and l?
14
Suppose -5*b - 30 = -2*q, 5*b = q - 0 - 10. Calculate the highest common factor of q and 140.
20
Let r be -1*(-2 - -3) + 21 + 0. What is the highest common factor of 90 and r?
10
Let u = 273 + -185. Suppose 0 = c - 11 - 0. What is the greatest common factor of u and c?
11
Suppose -4*i = -i. Suppose 2*z = -2*y + 10, -2*y = z - i*z - 5. Suppose z = l + 5*q, -3*l + 35 = -q - 4*q. What is the highest common divisor of l and 50?
10
Let c(i) = i**3 + 5 - i + 2*i**2 + 10 - i**2. Let a be c(0). What is the highest common factor of a and 6?
3
Let l = 5 - 6. Let z = 31 - l. Calculate the highest common factor of 4 and z.
4
Let n be 3 + 11/((-44)/(-24)). What is the greatest common factor of n and 45?
9
Suppose 0 = -p + 4, -38 - 66 = -4*h + p. Suppose 18 = -2*q + 4*q. Calculate the greatest common divisor of q and h.
9
Suppose -36 = -7*o + 3*o. Calculate the greatest common divisor of 117 and o.
9
Let p = -57 - -36. Let l be (-1380)/p + (-4)/(-14). Let